 39. What is the units digit of u?
6
Suppose -w + 12 + 3 = 0. Suppose l + 1 - 14 = t, -w = -l + 2*t. What is the tens digit of l?
1
Let y = 3 - 0. Suppose -20 = -v - y*z, -2*v + v + z = -8. Suppose 0 = 5*x - g - v, 6*x = 3*x - 4*g + 2. What is the units digit of x?
2
Let o(j) = 2*j**2 - 4*j + 3. Let i be 4/18 + 75/27. What is the units digit of o(i)?
9
Let r be ((-4)/2 + 2)/(-2). Suppose c + 0*c + b - 8 = r, -2*c = 5*b - 25. Suppose 0 = n + c*t - 7, -14 = -2*n - 5*t. What is the units digit of n?
7
Let y = 8 - 5. Suppose -6 = -y*o, 0*o - 3*o = -3*x + 9. Suppose h + 60 = x*h. What is the units digit of h?
5
Let q(y) = 32*y**2 + y. Let n be q(1). Let h = n + -21. What is the tens digit of h?
1
Let k = -2 + -5. Let v = k + 9. Suppose -3*y = 3*b + v*y - 32, 4*y = -b + 6. What is the units digit of b?
4
Let s = -138 + 204. Suppose 377 = 5*w + 4*u, 2*w - 5*u - s = 65. Suppose -5*z + w = -3*d + 2*d, -2*d + 49 = 3*z. What is the tens digit of z?
1
Suppose 2*f - 12 + 1 = 5*g, 0 = 2*g + 2. Let i be (-2)/8 + f/12. What is the units digit of (i + -6)*(4 - 5)?
6
Let g(j) be the second derivative of -j**5/60 + 11*j**4/24 - j**3 + 3*j**2/2 - 2*j. Let i(d) be the first derivative of g(d). What is the units digit of i(10)?
4
Suppose -i - 3*b + 197 = 0, -i + 5*b + 218 - 5 = 0. What is the tens digit of i?
0
Suppose -2*u = 4*j - 192, 2*u = -2*j + 100 - 2. What is the tens digit of j?
4
Suppose -2*c - 4 = -5*j - 4*c, 8 = 2*j + 4*c. Let r(i) = -i**2 + i + 5. What is the units digit of r(j)?
5
Suppose -2*k + k = -2. Suppose -176 = -4*l - k*f, 2*l - 94 = -3*f - f. What is the tens digit of l?
4
Suppose 687 = 4*c - 145. What is the units digit of c?
8
Let j(b) = -b**2 + 8*b - 4. Suppose -2*k - 6 = k. Let h = k + 8. What is the units digit of j(h)?
8
Let h be -4*((-7)/2)/(-7). What is the tens digit of -4*92/32*h?
2
Suppose -5*d - 5 = -25. Let j = -58 + 89. Suppose f - 3*v = -8, -d*f + f + j = 2*v. What is the units digit of f?
7
Let u(w) = 2*w**2 + 5*w - 9. What is the units digit of u(-7)?
4
Let x(p) = -3*p**2 + 2 - 3 + 3*p**2 + p**2. Let z be x(-2). Suppose -z*k = k - 16. What is the units digit of k?
4
Suppose -10*r = -9*r - 2. What is the units digit of r?
2
Suppose 0 = -2*g + 5*g - 9. What is the units digit of g?
3
Let s = 11 + -8. What is the units digit of 0/s - (0 + -2)?
2
Let c(g) = -3*g. Let z be c(3). Let k be (-21)/z - 4/(-6). Suppose -x - k = -5. What is the units digit of x?
2
Suppose -19*g + 48 = -16*g. What is the tens digit of g?
1
Suppose -3*h = 5*u - 55, 3*u - 2*u - 23 = -3*h. What is the tens digit of ((-2 - -5) + -1)*u?
1
What is the units digit of (-2)/(-8) + (-94)/(-8)?
2
Suppose -w = -5*k - 36, 4*w - 3*k = 2*k + 174. What is the tens digit of w?
4
Let b(d) = -146*d - 2. Let y be b(-2). What is the units digit of ((-14)/(-35))/(2/y)?
8
What is the hundreds digit of (-4)/26 + 82/26 + 332?
3
Let f be 21/6 + 2/4. Suppose -5*s + 7*s = f. What is the units digit of s?
2
Let s be (-2)/((2/5)/1). What is the units digit of 2/s + 114/10?
1
Let j(v) = -v + 8. Let m be j(-13). Suppose 3*z = -4*n + m, -z + 8 = 5*n - 32. What is the units digit of n?
9
Let z(f) = -8*f + 1. What is the tens digit of z(-9)?
7
Suppose -2*x = 5 - 1, -5 = 5*w + 5*x. Let y = 24 - w. What is the units digit of y?
3
Suppose 3*x = -3*q + 3, 6*x - x = 3*q + 13. Let c(a) = -17*a - 1. What is the units digit of c(q)?
6
Let l(t) = -t - 6. Let r be l(-8). Let q be r + 3/((-3)/(-79)). What is the units digit of q/12 - 3/4?
6
Let y = 6 + -4. Let l(p) = 2*p**2 + 2 + p**2 - p**3 - p**2. What is the units digit of l(y)?
2
Let u(r) be the first derivative of -7*r**4/2 + 2*r**3/3 + r**2/2 + 2. Let m be u(-1). Suppose -i + m = 2*w + 5, -4*w - 4 = -4*i. What is the units digit of i?
4
Let z = 99 - 63. Suppose 2*m + 5*p - 4 = 0, 2*p - z = -4*m - p. Let r = m + -7. What is the units digit of r?
5
Suppose -a = -0*a + s, -4*a + 27 = -5*s. Suppose a*u = -2*u + 40. Suppose 4*k - 80 + u = 0. What is the units digit of k?
8
Suppose 5*f = 2*k - 118, k + 3*f - 85 = -f. What is the tens digit of k?
6
Let y be (-6)/(((-10)/12)/5). Suppose -3*h = h - y. What is the units digit of h?
9
Let v(k) = -k**2 + k + 3. Let s be v(3). Let o = 6 + s. Suppose l - 2*f + 5*f - 21 = 0, -o = -f. What is the units digit of l?
2
Let c = -2 - -6. Let a = -2 + c. Suppose 2*x + 2*w = 14, -x + a*x - 17 = w. What is the tens digit of x?
1
Let m = 273 - 146. What is the units digit of m?
7
Suppose -6*s + 6 = -4*s. Suppose -d = -2*y + 59, -2*y - 2*d + 170 = s*y. What is the units digit of (3/2)/(12/y)?
4
Suppose 2*c - 9 = 15. What is the units digit of c?
2
Suppose 18 = 4*z + x, -5*x - 3 = -3*z - 1. Suppose z*d = 2*d + 2. What is the units digit of d?
1
Let u(c) = -c + 9. Let t(z) = -3*z**3 - 4*z**2 - 2*z. Let m be t(-2). Let x be (m/(-15))/((-2)/10). What is the units digit of u(x)?
5
Let l(w) = w**2 + 0*w + 0*w**2 - w + 2. Let g be l(2). Suppose 3 = -v + g. What is the units digit of v?
1
Let k(y) = -y**2 + 2*y. Let i be k(-6). Let m = 101 + i. What is the tens digit of m?
5
Let b(l) = -l**2 - 6*l + 4. Let j be b(-6). Let q be j*6 - 0/(-3). Suppose 3*d + 0*d - q = 0. What is the units digit of d?
8
Let n = 175 + -105. Suppose 0 = 4*v - n + 2. What is the tens digit of v?
1
Let f = 7 - 3. Suppose -19 = j + 5*x, f*j - 5*x - 25 = -j. Suppose j = p - 0. What is the units digit of p?
1
Suppose 7*c = -54 + 236. What is the units digit of c?
6
Let r(q) = -q**3 + 8*q**2 - 6*q + 3. Suppose 20 = -t - 4*t. Let b(l) = l**2 + 2*l - 1. Let g be b(t). What is the units digit of r(g)?
0
Let i(l) = l + 11. Let x be i(-5). Suppose -x*r + 105 = -r. What is the units digit of r?
1
Let j(l) = l + 1. Let v be j(1). Suppose 5*c - 10 = 0, -3*b = b - v*c - 20. What is the units digit of b?
6
Let g = 3 - -83. What is the units digit of g?
6
Suppose -2*h - 4*q = 3*h - 214, 4*h = 5*q + 163. What is the tens digit of h?
4
What is the units digit of 18 + 0 + (4 + -2 - -2)?
2
Suppose 3*o + 2*o = 15. Suppose 2*s + o = v + 2, 5*s = -10. Let l(z) = 2*z**2 + z - 2. What is the tens digit of l(v)?
1
Suppose -3*l + l = 3*c - 6, -7 = 2*c + 5*l. What is the units digit of c?
4
Suppose 6*a - 2*a + 312 = 0. Let w be a/(-4) - 2/(-4). Suppose 5*c = c + w. What is the units digit of c?
5
Suppose -f + d + 136 = -65, 5*f - 4*d = 1007. What is the tens digit of f?
0
Suppose 2*a - 6*f + f - 5 = 0, 4*a + 5*f = -5. Suppose s - 2*u + a = 34, -5*s = u - 192. What is the units digit of s?
8
Let r = -2 - -3. Let k be (-50)/8 - r/(-4). What is the units digit of 5/1*k/(-15)?
2
Let o = 179 + -121. Suppose -2*z - f + 40 = 2*f, -3*z = 5*f - o. What is the units digit of z?
6
Let l be 144/15 + (-4)/(-10). Let x(f) = 3*f - 63. Let a(y) = -2*y + 42. Let i(n) = -7*a(n) - 5*x(n). What is the units digit of i(l)?
1
Let r(b) = 5*b + 5. Let i be r(-6). What is the units digit of i/(-3) + (-8)/6?
7
Let a = 17 - 13. Let y = a + 0. What is the units digit of y?
4
Suppose -b + 5*b + 22 = 2*s, -2*s + 2*b = -12. What is the tens digit of (-162)/(-15) + s/5?
1
Suppose 0 = -3*u - 3*h + 87, 2*u - 6*u - 2*h = -120. What is the units digit of u?
1
Suppose -4*g = -0*g + 16. Let h be 1/(-2) + 4/8. Let t = h - g. What is the units digit of t?
4
Suppose 7*o + 272 = 2*w + 4*o, 512 = 4*w + 2*o. What is the tens digit of w?
3
Let r be ((-32)/1)/((-3)/6). Suppose 4*g - r = -4*x + 64, 2*g - 69 = -3*x. What is the tens digit of g?
2
What is the hundreds digit of 5901/42 - (2/(-4) + 0)?
1
Let r = -5 + 11. Suppose -r*a + 17 = -5*a. Let g = a + -12. What is the units digit of g?
5
Let z(b) = -b**3 - 2*b**2 - 2*b - 1. What is the units digit of z(-3)?
4
Let n = 13 + 5. Let b = n - 4. What is the tens digit of b?
1
Suppose -5*p - 460 = -i - 0*i, -i + 5 = 0. Let c = -64 - p. What is the tens digit of c?
2
What is the units digit of 0 - ((-110)/(-4))/(4/(-8))?
5
Let h be 51/18*-2*-3. Let p = -7 + h. What is the units digit of p?
0
Let h = 9 - 5. Suppose -9 = -h*j + 3. Suppose j*i - 22 = 2*a, -1 + 10 = -4*i - 5*a. What is the units digit of i?
4
Let f(l) = l**3 + 5*l**2 - 8*l - 7. Let i be f(-6). Suppose 0 = -4*o - i*b - 4, 4*o - 4*b - 12 = -5*b. What is the units digit of o?
4
Let x(t) = t**3 + 3*t**2 - t. Let o(p) = 2*p + 3. Suppose -3*z - 15 = 2*z. Let d be o(z). What is the units digit of x(d)?
3
Suppose -2 = -2*j